te the greatest common factor of 51 and 10761.
51
What is the highest common factor of 40 and 198570?
10
Calculate the greatest common divisor of 29779 and 921.
307
Calculate the highest common factor of 121399 and 803.
73
What is the highest common factor of 1800720 and 1098?
1098
What is the greatest common divisor of 16935 and 915?
15
Calculate the highest common factor of 5950 and 287.
7
What is the greatest common factor of 17 and 2274957?
17
Calculate the highest common factor of 15104 and 3186.
118
What is the greatest common factor of 33 and 190597?
11
Calculate the greatest common factor of 2075 and 1231720.
415
What is the highest common divisor of 504 and 131292?
252
What is the highest common factor of 4336 and 1112?
8
What is the greatest common factor of 654696 and 12?
12
What is the greatest common divisor of 549 and 9?
9
Calculate the greatest common divisor of 38528 and 770.
14
What is the greatest common divisor of 265 and 75790?
265
What is the highest common divisor of 1178727 and 22?
11
What is the highest common divisor of 63698 and 8?
2
Calculate the highest common factor of 839102 and 15966.
1774
What is the highest common divisor of 414 and 332097?
69
What is the greatest common divisor of 8592 and 432?
48
Calculate the greatest common factor of 4274235 and 2835.
945
Calculate the greatest common divisor of 1136 and 5072.
16
Calculate the greatest common factor of 1391 and 10486.
107
Calculate the highest common factor of 1653 and 761007.
57
Calculate the greatest common divisor of 243682 and 267.
89
Calculate the greatest common divisor of 10064 and 230928.
272
What is the greatest common divisor of 430 and 38485?
215
What is the greatest common factor of 122268 and 12?
12
Calculate the greatest common factor of 25650 and 6080.
190
What is the greatest common factor of 14259 and 1617?
147
What is the greatest common factor of 51750 and 460?
230
Calculate the highest common divisor of 13 and 573131.
13
What is the highest common divisor of 6111 and 252?
63
Calculate the highest common divisor of 19 and 1807356.
19
Calculate the highest common factor of 526 and 501278.
526
What is the highest common factor of 301279 and 44?
11
What is the greatest common factor of 165 and 117205?
55
What is the highest common factor of 1562761 and 907?
907
Calculate the highest common divisor of 868 and 78368.
124
Calculate the highest common factor of 72 and 189456.
24
What is the greatest common divisor of 8 and 6058?
2
What is the highest common divisor of 561 and 140349?
33
What is the greatest common factor of 14445 and 20655?
135
Calculate the greatest common divisor of 6 and 13672.
2
Calculate the greatest common factor of 9728 and 1919.
19
What is the greatest common divisor of 2643402 and 2?
2
Calculate the greatest common divisor of 150 and 12150.
150
Calculate the highest common factor of 14805 and 35485.
235
What is the highest common divisor of 13 and 630981?
13
Calculate the greatest common divisor of 13 and 12701.
13
Calculate the highest common divisor of 16210 and 190.
10
Calculate the highest common factor of 24583 and 122.
61
Calculate the highest common factor of 41280 and 84.
12
Calculate the greatest common divisor of 2968368 and 426.
426
What is the greatest common factor of 402675 and 195?
195
Calculate the highest common factor of 3286 and 45792.
106
What is the highest common factor of 44465 and 25?
5
Calculate the highest common divisor of 1892 and 36593.
43
What is the greatest common factor of 2467 and 127?
1
Calculate the greatest common divisor of 445 and 10136655.
445
What is the greatest common divisor of 1503 and 1089?
9
What is the highest common factor of 2478 and 6726?
354
What is the highest common factor of 18192 and 1308?
12
What is the greatest common divisor of 355 and 16543?
71
What is the highest common divisor of 60817 and 305?
61
What is the greatest common factor of 60216 and 312?
312
Calculate the highest common divisor of 43 and 11733.
1
What is the highest common divisor of 3588 and 2868?
12
What is the highest common divisor of 383883 and 41?
41
What is the greatest common factor of 2179129 and 95?
19
What is the greatest common divisor of 37162 and 34?
34
What is the highest common factor of 2152129 and 526?
263
Calculate the greatest common factor of 504 and 509103.
63
Calculate the greatest common divisor of 810 and 15765.
15
What is the highest common divisor of 63 and 9646?
7
What is the highest common divisor of 132 and 2400552?
132
What is the greatest common divisor of 76320 and 480?
480
Calculate the highest common factor of 12270 and 60.
30
What is the greatest common factor of 45312 and 276?
12
What is the greatest common factor of 30 and 55065?
15
What is the highest common divisor of 37932 and 16?
4
What is the highest common factor of 13753 and 136?
17
What is the highest common factor of 240 and 12408?
24
Calculate the highest common factor of 492 and 170724.
492
What is the highest common divisor of 460 and 14020?
20
What is the greatest common factor of 2575 and 262753?
103
What is the greatest common divisor of 422779 and 21?
7
Calculate the highest common divisor of 105 and 34000.
5
Calculate the highest common factor of 48153 and 336.
21
Calculate the highest common factor of 13246 and 26134.
358
What is the highest common divisor of 52610 and 70?
10
What is the highest common factor of 20 and 454916?
4
Calculate the greatest common factor of 36547 and 322.
161
Calculate the highest common divisor of 14434 and 224.
14
What is the greatest common divisor of 456 and 3097?
19
What is the greatest common divisor of 30 and 277509?
3
Calculate the greatest common factor of 190170 and 990.
90
What is the greatest common divisor of 96543 and 1717?
17
What is the highest common divisor of 208 and 57376?
16
Calculate the greatest common divisor of 1243 and 179557.
113
Calculate the highest common factor of 197246 and 2482.
146
What is the greatest common factor of 154 and 2969967?
77
What is the highest common factor of 13882 and 44?
22
What is the greatest common divisor of 63 and 59499?
9
What is the highest common divisor of 26667 and 5931?
9
What is the highest common factor of 841680 and 126?
126
What is the greatest common factor of 3520 and 605?
55
Calculate the highest common divisor of 126076 and 733.
733
What is the greatest common divisor of 70 and 87836?
14
What is the highest common factor of 22 and 28369?
11
Calculate the greatest common divisor of 58256 and 6402.
22
What is the greatest common divisor of 78397 and 209?
11
Calculate the greatest common divisor of 100 and 7856.
4
What is the greatest common divisor of 2308974 and 102?
102
Calculate the greatest common divisor of 214 and 3638.
214
Calculate the highest common factor of 486 and 163368.
18
What is the highest common divisor of 200592 and 6552?
504
Calculate the highest common factor of 162860 and 100.
20
What is the highest common divisor of 160 and 46420?
20
Calculate the greatest common factor of 1122301 and 701.
701
Calculate the highest common factor of 165319 and 8987.
209
What is the greatest common factor of 459 and 3699?
27
What is the greatest common factor of 19825 and 738100?
1525
What is the greatest common factor of 5810 and 100430?
830
What is the highest common divisor of 4 and 60420?
4
What is the greatest common divisor of 64 and 9599808?
64
Calculate the highest common factor of 10205 and 72220.
785
What is the greatest common divisor of 3729 and 81?
3
Calculate the greatest common factor of 3245 and 7375.
295
Calculate the greatest common divisor of 38275 and 50.
25
What is the highest common factor of 3472 and 43834?
434
What is the highest common factor of 38 and 24814?
38
What is the highest common divisor of 221061 and 93?
93
Calculate the highest common factor of 351 and 36491.
13
Calculate the greatest common divisor of 3374712 and 3168.
792
What is the highest common divisor of 270 and 4580280?
270
What is the greatest common factor of 6 and 44290?
2
What is the highest common divisor of 24728 and 150616?
2248
What is the greatest common factor of 2928 and 74352?
48
Calculate the highest common factor of 37228 and 3632.
908
Calculate the highest common factor of 1006 an